{"id":50,"date":"2021-03-03T21:13:40","date_gmt":"2021-03-03T21:13:40","guid":{"rendered":"https:\/\/www.fossakot.is\/?page_id=50"},"modified":"2026-03-06T13:11:16","modified_gmt":"2026-03-06T13:11:16","slug":"stjornendateymi","status":"publish","type":"page","link":"https:\/\/www.lfa.is\/bakkakot\/um-fossakot\/stjornendateymi\/","title":{"rendered":"Stj\u00f3rnendateymi"},"content":{"rendered":"\n<div class=\"wp-block-media-text alignwide is-stacked-on-mobile\" style=\"grid-template-columns:27% auto\"><figure class=\"wp-block-media-text__media\"><img loading=\"lazy\" decoding=\"async\" width=\"863\" height=\"1024\" src=\"https:\/\/www.lfa.is\/bakkakot\/wp-content\/uploads\/2026\/02\/me-2-863x1024.jpg\" alt=\"\" class=\"wp-image-8906 size-full\" srcset=\"https:\/\/www.lfa.is\/bakkakot\/wp-content\/uploads\/2026\/02\/me-2-863x1024.jpg 863w, https:\/\/www.lfa.is\/bakkakot\/wp-content\/uploads\/2026\/02\/me-2-253x300.jpg 253w, https:\/\/www.lfa.is\/bakkakot\/wp-content\/uploads\/2026\/02\/me-2-768x911.jpg 768w, https:\/\/www.lfa.is\/bakkakot\/wp-content\/uploads\/2026\/02\/me-2-1295x1536.jpg 1295w, https:\/\/www.lfa.is\/bakkakot\/wp-content\/uploads\/2026\/02\/me-2-1200x1423.jpg 1200w, https:\/\/www.lfa.is\/bakkakot\/wp-content\/uploads\/2026\/02\/me-2.jpg 1726w\" sizes=\"auto, (max-width: 863px) 100vw, 863px\" \/><\/figure><div class=\"wp-block-media-text__content\">\n<h2 class=\"wp-block-heading\">N\u00edna Berglind<\/h2>\n\n\n\n<p class=\"has-large-font-size\">Leiksk\u00f3lastj\u00f3ri<\/p>\n\n\n\n<p>Starfsst\u00f6\u00f0: Bakkakot<\/p>\n\n\n\n<p class=\"has-large-font-size\">nina@lfa.is<\/p>\n<\/div><\/div>\n\n\n\n<div class=\"wp-block-group is-nowrap is-layout-flex wp-container-core-group-is-layout-6c531013 wp-block-group-is-layout-flex\">\n<div class=\"wp-block-columns is-layout-flex wp-container-core-columns-is-layout-d0b3c9c8 wp-block-columns-is-layout-flex\">\n<div class=\"wp-block-column is-layout-flow wp-block-column-is-layout-flow\" style=\"--col-width:100%;flex-basis:100%\"><\/div>\n<\/div>\n<\/div>\n\n\n\n<p><\/p>\n","protected":false},"excerpt":{"rendered":"<p>N\u00edna Berglind Leiksk\u00f3lastj\u00f3ri Starfsst\u00f6\u00f0: Bakkakot nina@lfa.is<\/p>\n","protected":false},"author":6,"featured_media":0,"parent":43,"menu_order":0,"comment_status":"closed","ping_status":"closed","template":"","meta":{"footnotes":""},"class_list":["post-50","page","type-page","status-publish","hentry"],"_links":{"self":[{"href":"https:\/\/www.lfa.is\/bakkakot\/wp-json\/wp\/v2\/pages\/50","targetHints":{"allow":["GET"]}}],"collection":[{"href":"https:\/\/www.lfa.is\/bakkakot\/wp-json\/wp\/v2\/pages"}],"about":[{"href":"https:\/\/www.lfa.is\/bakkakot\/wp-json\/wp\/v2\/types\/page"}],"author":[{"embeddable":true,"href":"https:\/\/www.lfa.is\/bakkakot\/wp-json\/wp\/v2\/users\/6"}],"replies":[{"embeddable":true,"href":"https:\/\/www.lfa.is\/bakkakot\/wp-json\/wp\/v2\/comments?post=50"}],"version-history":[{"count":10,"href":"https:\/\/www.lfa.is\/bakkakot\/wp-json\/wp\/v2\/pages\/50\/revisions"}],"predecessor-version":[{"id":8929,"href":"https:\/\/www.lfa.is\/bakkakot\/wp-json\/wp\/v2\/pages\/50\/revisions\/8929"}],"up":[{"embeddable":true,"href":"https:\/\/www.lfa.is\/bakkakot\/wp-json\/wp\/v2\/pages\/43"}],"wp:attachment":[{"href":"https:\/\/www.lfa.is\/bakkakot\/wp-json\/wp\/v2\/media?parent=50"}],"curies":[{"name":"wp","href":"https:\/\/api.w.org\/{rel}","templated":true}]}}