{"id":102,"date":"2021-03-10T23:06:51","date_gmt":"2021-03-10T23:06:51","guid":{"rendered":"https:\/\/www.korpukot.is\/?page_id=102"},"modified":"2026-01-28T15:57:54","modified_gmt":"2026-01-28T15:57:54","slug":"starfsfolk-sunnukots","status":"publish","type":"page","link":"https:\/\/www.lfa.is\/korpukot\/starfsfolk\/starfsfolk-sunnukots\/","title":{"rendered":"Starfsf\u00f3lk Sunnukots"},"content":{"rendered":"\n<p><\/p>\n\n\n\n<div class=\"wp-block-media-text alignwide is-stacked-on-mobile is-style-default\" style=\"grid-template-columns:20% auto\"><figure class=\"wp-block-media-text__media\"><img loading=\"lazy\" decoding=\"async\" width=\"159\" height=\"300\" src=\"https:\/\/www.lfa.is\/korpukot\/wp-content\/uploads\/2025\/08\/Heba.jpg\" alt=\"\" class=\"wp-image-8139 size-medium\"\/><\/figure><div class=\"wp-block-media-text__content\">\n<p class=\"has-large-font-size\">Heba Laufdal Hansd\u00f3ttir<\/p>\n\n\n\n<p>Deildarstj\u00f3ri<\/p>\n\n\n\n<p>heba@lfa.is<\/p>\n\n\n\n<p>\u00cd n\u00e1mi leiksk\u00f3lali\u00f0a<\/p>\n<\/div><\/div>\n\n\n\n<div class=\"wp-block-media-text alignwide is-stacked-on-mobile is-style-default\" style=\"grid-template-columns:20% auto\"><figure class=\"wp-block-media-text__media\"><img loading=\"lazy\" decoding=\"async\" width=\"768\" height=\"1024\" src=\"https:\/\/www.lfa.is\/korpukot\/wp-content\/uploads\/2025\/10\/400721917_877964433865509_1469532290045085545_n-768x1024.jpg\" alt=\"\" class=\"wp-image-8215 size-medium\" srcset=\"https:\/\/www.lfa.is\/korpukot\/wp-content\/uploads\/2025\/10\/400721917_877964433865509_1469532290045085545_n-768x1024.jpg 768w, https:\/\/www.lfa.is\/korpukot\/wp-content\/uploads\/2025\/10\/400721917_877964433865509_1469532290045085545_n-225x300.jpg 225w, https:\/\/www.lfa.is\/korpukot\/wp-content\/uploads\/2025\/10\/400721917_877964433865509_1469532290045085545_n-1152x1536.jpg 1152w, https:\/\/www.lfa.is\/korpukot\/wp-content\/uploads\/2025\/10\/400721917_877964433865509_1469532290045085545_n-1200x1600.jpg 1200w, https:\/\/www.lfa.is\/korpukot\/wp-content\/uploads\/2025\/10\/400721917_877964433865509_1469532290045085545_n.jpg 1536w\" sizes=\"auto, (max-width: 768px) 100vw, 768px\" \/><\/figure><div class=\"wp-block-media-text__content\">\n<p class=\"has-large-font-size\">Birgitta \u00ddr<\/p>\n\n\n\n<p>Deildarstj\u00f3ri<\/p>\n\n\n\n<p>birgitta@lfa.is<\/p>\n\n\n\n<p>Leiksk\u00f3lali\u00f0i<\/p>\n<\/div><\/div>\n\n\n\n<div class=\"wp-block-media-text alignwide is-stacked-on-mobile is-style-default\" style=\"grid-template-columns:20% auto\"><figure class=\"wp-block-media-text__media\"><img loading=\"lazy\" decoding=\"async\" width=\"727\" height=\"1024\" src=\"https:\/\/www.lfa.is\/korpukot\/wp-content\/uploads\/2025\/08\/Birta.jpg\" alt=\"\" class=\"wp-image-8141 size-medium\" srcset=\"https:\/\/www.lfa.is\/korpukot\/wp-content\/uploads\/2025\/08\/Birta.jpg 727w, https:\/\/www.lfa.is\/korpukot\/wp-content\/uploads\/2025\/08\/Birta-213x300.jpg 213w\" sizes=\"auto, (max-width: 727px) 100vw, 727px\" \/><\/figure><div class=\"wp-block-media-text__content\">\n<p class=\"has-large-font-size\">Birta Hrund<\/p>\n\n\n\n<p>Lei\u00f0beinandi<\/p>\n\n\n\n<p><\/p>\n\n\n\n<p><\/p>\n<\/div><\/div>\n\n\n\n<div class=\"wp-block-media-text alignwide is-stacked-on-mobile is-style-default\" style=\"grid-template-columns:20% auto\"><figure class=\"wp-block-media-text__media\"><img loading=\"lazy\" decoding=\"async\" width=\"634\" height=\"894\" src=\"https:\/\/www.lfa.is\/korpukot\/wp-content\/uploads\/2025\/09\/538a29fe-334a-4c0d-b33e-8f0879452e01.jpg\" alt=\"\" class=\"wp-image-8209 size-medium\" srcset=\"https:\/\/www.lfa.is\/korpukot\/wp-content\/uploads\/2025\/09\/538a29fe-334a-4c0d-b33e-8f0879452e01.jpg 634w, https:\/\/www.lfa.is\/korpukot\/wp-content\/uploads\/2025\/09\/538a29fe-334a-4c0d-b33e-8f0879452e01-213x300.jpg 213w\" sizes=\"auto, (max-width: 634px) 100vw, 634px\" \/><\/figure><div class=\"wp-block-media-text__content\">\n<p class=\"has-large-font-size\">Erza<\/p>\n\n\n\n<p>Lei\u00f0beinandi<\/p>\n\n\n\n<p><\/p>\n\n\n\n<p><\/p>\n<\/div><\/div>\n\n\n\n<div class=\"wp-block-media-text alignwide is-stacked-on-mobile is-style-default\" style=\"grid-template-columns:20% auto\"><figure class=\"wp-block-media-text__media\"><img loading=\"lazy\" decoding=\"async\" width=\"400\" height=\"632\" src=\"https:\/\/www.lfa.is\/korpukot\/wp-content\/uploads\/2025\/10\/Asta-mary.jpg\" alt=\"\" class=\"wp-image-8222 size-medium\" srcset=\"https:\/\/www.lfa.is\/korpukot\/wp-content\/uploads\/2025\/10\/Asta-mary.jpg 400w, https:\/\/www.lfa.is\/korpukot\/wp-content\/uploads\/2025\/10\/Asta-mary-190x300.jpg 190w\" sizes=\"auto, (max-width: 400px) 100vw, 400px\" \/><\/figure><div class=\"wp-block-media-text__content\">\n<p class=\"has-large-font-size\">\u00c1sta Mar\u00fd<\/p>\n\n\n\n<p>Lei\u00f0beinandi<\/p>\n\n\n\n<p><\/p>\n\n\n\n<p><\/p>\n<\/div><\/div>\n\n\n\n<p><\/p>\n","protected":false},"excerpt":{"rendered":"<p>Heba Laufdal Hansd\u00f3ttir Deildarstj\u00f3ri heba@lfa.is \u00cd n\u00e1mi leiksk\u00f3lali\u00f0a Birgitta \u00ddr Deildarstj\u00f3ri birgitta@lfa.is Leiksk\u00f3lali\u00f0i Birta Hrund Lei\u00f0beinandi Erza Lei\u00f0beinandi \u00c1sta Mar\u00fd Lei\u00f0beinandi<\/p>\n","protected":false},"author":1,"featured_media":0,"parent":8172,"menu_order":0,"comment_status":"closed","ping_status":"closed","template":"","meta":{"footnotes":""},"class_list":["post-102","page","type-page","status-publish","hentry"],"_links":{"self":[{"href":"https:\/\/www.lfa.is\/korpukot\/wp-json\/wp\/v2\/pages\/102","targetHints":{"allow":["GET"]}}],"collection":[{"href":"https:\/\/www.lfa.is\/korpukot\/wp-json\/wp\/v2\/pages"}],"about":[{"href":"https:\/\/www.lfa.is\/korpukot\/wp-json\/wp\/v2\/types\/page"}],"author":[{"embeddable":true,"href":"https:\/\/www.lfa.is\/korpukot\/wp-json\/wp\/v2\/users\/1"}],"replies":[{"embeddable":true,"href":"https:\/\/www.lfa.is\/korpukot\/wp-json\/wp\/v2\/comments?post=102"}],"version-history":[{"count":10,"href":"https:\/\/www.lfa.is\/korpukot\/wp-json\/wp\/v2\/pages\/102\/revisions"}],"predecessor-version":[{"id":8261,"href":"https:\/\/www.lfa.is\/korpukot\/wp-json\/wp\/v2\/pages\/102\/revisions\/8261"}],"up":[{"embeddable":true,"href":"https:\/\/www.lfa.is\/korpukot\/wp-json\/wp\/v2\/pages\/8172"}],"wp:attachment":[{"href":"https:\/\/www.lfa.is\/korpukot\/wp-json\/wp\/v2\/media?parent=102"}],"curies":[{"name":"wp","href":"https:\/\/api.w.org\/{rel}","templated":true}]}}