{"id":109,"date":"2021-03-10T23:08:55","date_gmt":"2021-03-10T23:08:55","guid":{"rendered":"https:\/\/www.korpukot.is\/?page_id=109"},"modified":"2025-08-20T22:18:38","modified_gmt":"2025-08-20T22:18:38","slug":"fagrakot","status":"publish","type":"page","link":"https:\/\/www.lfa.is\/korpukot\/deildir-korpukots\/fagrakot\/","title":{"rendered":"Fagrakot"},"content":{"rendered":"\n<p>\u00c1 Fagrakoti eru b\u00f6rn \u00e1 aldrinum 2-4 \u00e1ra.<\/p>\n\n\n\n<p>H\u00f3pastarf<br>\u00deemu h\u00f3pastarfsins er :<\/p>\n\n\n\n<p>Sept = \u00c9g \u00ed leiksk\u00f3lanum.<br>Okt = Vin\u00e1tta og samskipti.<br>N\u00f3v = Fj\u00f6lskyldan.<br>Des = J\u00f3lin.<br>Jan = Skynf\u00e6ri og tilfingingar.<br>Feb = N\u00e6ring, hollt og \u00f3hollt.<br>Mars = L\u00edkaminn minn.<br>Apr\u00edl = Hreyfig og betri heilsa.<br>Ma\u00ed = H\u00fasd\u00fdrin.<\/p>\n\n\n\n<p>Tras-vinnustundir<\/p>\n\n\n\n<p>Tras vinnustundirnar eru fyrir b\u00f6rnin sem eru fr\u00e1 3-5 \u00e1ra \u00e1 deildinni. \u00deetta eru afslappa\u00f0ar vinnustundir sem hver og einn starfsma\u00f0ur \u00e1 me\u00f0 b\u00f6rnunum \u00ed s\u00ednum h\u00f3p, einu sinni \u00ed viku.<\/p>\n\n\n\n<p>Hreyfistund<\/p>\n\n\n\n<p>Einu sinni \u00ed viku er hreyfistund uppi \u00ed sal sk\u00f3lans. \u00dear f\u00f6rum vi\u00f0 \u00ed allskonar leiki, \u00e1samt \u00fev\u00ed a\u00f0 fara \u00ed frj\u00e1lsan leik. Einnig leggjum vi\u00f0 \u00e1herslu \u00e1 \u00fev\u00ed a\u00f0 fara \u00fat \u00e1 hverjum degi.<\/p>\n\n\n\n<p><a href=\"https:\/\/www.lfa.is\/korpukot\/starfsfolk\/starfsfolk-fagrakots\/\">H\u00e9r m\u00e1 finna starfsf\u00f3lk Fagrakots<\/a><\/p>\n\n\n\n<figure class=\"wp-block-image size-large\"><img loading=\"lazy\" decoding=\"async\" width=\"740\" height=\"416\" src=\"https:\/\/www.korpukot.is\/wp-content\/uploads\/2021\/03\/Preschool-Holding-Books-Resize-740x416-1.jpg\" alt=\"\" class=\"wp-image-110\" srcset=\"https:\/\/www.lfa.is\/korpukot\/wp-content\/uploads\/2021\/03\/Preschool-Holding-Books-Resize-740x416-1.jpg 740w, https:\/\/www.lfa.is\/korpukot\/wp-content\/uploads\/2021\/03\/Preschool-Holding-Books-Resize-740x416-1-300x169.jpg 300w\" sizes=\"auto, (max-width: 740px) 100vw, 740px\" \/><\/figure>\n","protected":false},"excerpt":{"rendered":"<p>\u00c1 Fagrakoti eru b\u00f6rn \u00e1 aldrinum 2-4 \u00e1ra. H\u00f3pastarf\u00deemu h\u00f3pastarfsins er : Sept = \u00c9g \u00ed leiksk\u00f3lanum.Okt = Vin\u00e1tta og samskipti.N\u00f3v = Fj\u00f6lskyldan.Des = J\u00f3lin.Jan = Skynf\u00e6ri og tilfingingar.Feb = N\u00e6ring, hollt og \u00f3hollt.Mars = L\u00edkaminn minn.Apr\u00edl = Hreyfig og betri heilsa.Ma\u00ed = H\u00fasd\u00fdrin. Tras-vinnustundir Tras vinnustundirnar eru fyrir b\u00f6rnin sem eru fr\u00e1 3-5 \u00e1ra&hellip;<\/p>\n","protected":false},"author":1,"featured_media":0,"parent":89,"menu_order":0,"comment_status":"closed","ping_status":"closed","template":"","meta":{"footnotes":""},"class_list":["post-109","page","type-page","status-publish","hentry"],"_links":{"self":[{"href":"https:\/\/www.lfa.is\/korpukot\/wp-json\/wp\/v2\/pages\/109","targetHints":{"allow":["GET"]}}],"collection":[{"href":"https:\/\/www.lfa.is\/korpukot\/wp-json\/wp\/v2\/pages"}],"about":[{"href":"https:\/\/www.lfa.is\/korpukot\/wp-json\/wp\/v2\/types\/page"}],"author":[{"embeddable":true,"href":"https:\/\/www.lfa.is\/korpukot\/wp-json\/wp\/v2\/users\/1"}],"replies":[{"embeddable":true,"href":"https:\/\/www.lfa.is\/korpukot\/wp-json\/wp\/v2\/comments?post=109"}],"version-history":[{"count":2,"href":"https:\/\/www.lfa.is\/korpukot\/wp-json\/wp\/v2\/pages\/109\/revisions"}],"predecessor-version":[{"id":8178,"href":"https:\/\/www.lfa.is\/korpukot\/wp-json\/wp\/v2\/pages\/109\/revisions\/8178"}],"up":[{"embeddable":true,"href":"https:\/\/www.lfa.is\/korpukot\/wp-json\/wp\/v2\/pages\/89"}],"wp:attachment":[{"href":"https:\/\/www.lfa.is\/korpukot\/wp-json\/wp\/v2\/media?parent=109"}],"curies":[{"name":"wp","href":"https:\/\/api.w.org\/{rel}","templated":true}]}}

<p>Á Fagrakoti eru börn á aldrinum 2-4 ára.</p>



<p>Hópastarf<br>Þemu hópastarfsins er :</p>



<p>Sept = Ég í leikskólanum.<br>Okt = Vinátta og samskipti.<br>Nóv = Fjölskyldan.<br>Des = Jólin.<br>Jan = Skynfæri og tilfingingar.<br>Feb = Næring, hollt og óhollt.<br>Mars = Líkaminn minn.<br>Apríl = Hreyfig og betri heilsa.<br>Maí = Húsdýrin.</p>



<p>Tras-vinnustundir</p>



<p>Tras vinnustundirnar eru fyrir börnin sem eru frá 3-5 ára á deildinni. Þetta eru afslappaðar vinnustundir sem hver og einn starfsmaður á með börnunum í sínum hóp, einu sinni í viku.</p>



<p>Hreyfistund</p>



<p>Einu sinni í viku er hreyfistund uppi í sal skólans. Þar förum við í allskonar leiki, ásamt því að fara í frjálsan leik. Einnig leggjum við áherslu á því að fara út á hverjum degi.</p>



<p><a href="https://www.lfa.is/korpukot/starfsfolk/starfsfolk-fagrakots/">Hér má finna starfsfólk Fagrakots</a></p>



<figure class="wp-block-image size-large"><img loading="lazy" decoding="async" width="740" height="416" src="https://www.korpukot.is/wp-content/uploads/2021/03/Preschool-Holding-Books-Resize-740x416-1.jpg" alt="" class="wp-image-110" srcset="https://www.lfa.is/korpukot/wp-content/uploads/2021/03/Preschool-Holding-Books-Resize-740x416-1.jpg 740w, https://www.lfa.is/korpukot/wp-content/uploads/2021/03/Preschool-Holding-Books-Resize-740x416-1-300x169.jpg 300w" sizes="auto, (max-width: 740px) 100vw, 740px" /></figure>

<p>Á Fagrakoti eru börn á aldrinum 2-4 ára. HópastarfÞemu hópastarfsins er : Sept = Ég í leikskólanum.Okt = Vinátta og samskipti.Nóv = Fjölskyldan.Des = Jólin.Jan = Skynfæri og tilfingingar.Feb = Næring, hollt og óhollt.Mars = Líkaminn minn.Apríl = Hreyfig og betri heilsa.Maí = Húsdýrin. Tras-vinnustundir Tras vinnustundirnar eru fyrir börnin sem eru frá 3-5 ára&hellip;</p>
