{"id":340,"date":"2021-09-03T13:50:47","date_gmt":"2021-09-03T13:50:47","guid":{"rendered":"https:\/\/www.korpukot.is\/?page_id=340"},"modified":"2026-01-08T08:43:35","modified_gmt":"2026-01-08T08:43:35","slug":"starfsfolk-utan-deilda","status":"publish","type":"page","link":"https:\/\/www.lfa.is\/korpukot\/starfsfolk\/starfsfolk-utan-deilda\/","title":{"rendered":"S\u00e9rkennsla"},"content":{"rendered":"\n<p><\/p>\n\n\n\n<div class=\"wp-block-media-text alignwide is-stacked-on-mobile\" style=\"grid-template-columns:25% auto\"><figure class=\"wp-block-media-text__media\"><img loading=\"lazy\" decoding=\"async\" width=\"316\" height=\"481\" src=\"https:\/\/www.lfa.is\/korpukot\/wp-content\/uploads\/2025\/08\/Screenshot-2025-08-20-at-21.24.45.png\" alt=\"\" class=\"wp-image-8147 size-full\" srcset=\"https:\/\/www.lfa.is\/korpukot\/wp-content\/uploads\/2025\/08\/Screenshot-2025-08-20-at-21.24.45.png 316w, https:\/\/www.lfa.is\/korpukot\/wp-content\/uploads\/2025\/08\/Screenshot-2025-08-20-at-21.24.45-197x300.png 197w\" sizes=\"auto, (max-width: 316px) 100vw, 316px\" \/><\/figure><div class=\"wp-block-media-text__content\">\n<p class=\"has-large-font-size\">Erla Sn\u00e6d\u00eds<\/p>\n\n\n\n<p>S\u00e9rkennslustj\u00f3ri og tengili\u00f0ur fars\u00e6ldar barna<\/p>\n\n\n\n<p>erla@lfa.is<\/p>\n\n\n\n<p>\u00deroska\u00fej\u00e1lfi<\/p>\n<\/div><\/div>\n\n\n\n<div class=\"wp-block-media-text alignwide is-stacked-on-mobile\" style=\"grid-template-columns:25% auto\"><figure class=\"wp-block-media-text__media\"><img loading=\"lazy\" decoding=\"async\" width=\"738\" height=\"1024\" src=\"https:\/\/www.lfa.is\/korpukot\/wp-content\/uploads\/2025\/08\/Agnes.jpg\" alt=\"\" class=\"wp-image-8151 size-full\" srcset=\"https:\/\/www.lfa.is\/korpukot\/wp-content\/uploads\/2025\/08\/Agnes.jpg 738w, https:\/\/www.lfa.is\/korpukot\/wp-content\/uploads\/2025\/08\/Agnes-216x300.jpg 216w\" sizes=\"auto, (max-width: 738px) 100vw, 738px\" \/><\/figure><div class=\"wp-block-media-text__content\">\n<p class=\"has-large-font-size\">Agnes \u00ddr<\/p>\n\n\n\n<p>Stu\u00f0ningur<\/p>\n\n\n\n<p>B.A. Uppeldis- og menntunarfr\u00e6\u00f0i<\/p>\n<\/div><\/div>\n\n\n\n<div class=\"wp-block-media-text alignwide is-stacked-on-mobile\" style=\"grid-template-columns:25% auto\"><figure class=\"wp-block-media-text__media\"><img loading=\"lazy\" decoding=\"async\" width=\"372\" height=\"477\" src=\"https:\/\/www.lfa.is\/korpukot\/wp-content\/uploads\/2025\/08\/Screenshot-2025-08-20-at-21.23.53.png\" alt=\"\" class=\"wp-image-8150 size-full\" srcset=\"https:\/\/www.lfa.is\/korpukot\/wp-content\/uploads\/2025\/08\/Screenshot-2025-08-20-at-21.23.53.png 372w, https:\/\/www.lfa.is\/korpukot\/wp-content\/uploads\/2025\/08\/Screenshot-2025-08-20-at-21.23.53-234x300.png 234w\" sizes=\"auto, (max-width: 372px) 100vw, 372px\" \/><\/figure><div class=\"wp-block-media-text__content\">\n<p class=\"has-large-font-size\">Gu\u00f0d\u00eds<\/p>\n\n\n\n<p>Stu\u00f0ningur<\/p>\n\n\n\n<p>Leiksk\u00f3lali\u00f0i<\/p>\n<\/div><\/div>\n\n\n\n<div class=\"wp-block-media-text alignwide is-stacked-on-mobile\" style=\"grid-template-columns:25% auto\"><figure class=\"wp-block-media-text__media\"><img loading=\"lazy\" decoding=\"async\" width=\"321\" height=\"427\" src=\"https:\/\/www.lfa.is\/korpukot\/wp-content\/uploads\/2025\/08\/Screenshot-2025-08-20-at-21.24.19.png\" alt=\"\" class=\"wp-image-8148 size-full\" srcset=\"https:\/\/www.lfa.is\/korpukot\/wp-content\/uploads\/2025\/08\/Screenshot-2025-08-20-at-21.24.19.png 321w, https:\/\/www.lfa.is\/korpukot\/wp-content\/uploads\/2025\/08\/Screenshot-2025-08-20-at-21.24.19-226x300.png 226w\" sizes=\"auto, (max-width: 321px) 100vw, 321px\" \/><\/figure><div class=\"wp-block-media-text__content\">\n<p class=\"has-large-font-size\">H\u00f3lmfr\u00ed\u00f0ur<\/p>\n\n\n\n<p>Sto\u00f0kennsla\/m\u00e1l\u00f6rvun<\/p>\n\n\n\n<p>A\u00f0sto\u00f0arleiksk\u00f3lakennari<\/p>\n<\/div><\/div>\n","protected":false},"excerpt":{"rendered":"<p>Erla Sn\u00e6d\u00eds S\u00e9rkennslustj\u00f3ri og tengili\u00f0ur fars\u00e6ldar barna erla@lfa.is \u00deroska\u00fej\u00e1lfi Agnes \u00ddr Stu\u00f0ningur B.A. Uppeldis- og menntunarfr\u00e6\u00f0i Gu\u00f0d\u00eds Stu\u00f0ningur Leiksk\u00f3lali\u00f0i H\u00f3lmfr\u00ed\u00f0ur Sto\u00f0kennsla\/m\u00e1l\u00f6rvun A\u00f0sto\u00f0arleiksk\u00f3lakennari<\/p>\n","protected":false},"author":3,"featured_media":0,"parent":8172,"menu_order":0,"comment_status":"closed","ping_status":"closed","template":"","meta":{"footnotes":""},"class_list":["post-340","page","type-page","status-publish","hentry"],"_links":{"self":[{"href":"https:\/\/www.lfa.is\/korpukot\/wp-json\/wp\/v2\/pages\/340","targetHints":{"allow":["GET"]}}],"collection":[{"href":"https:\/\/www.lfa.is\/korpukot\/wp-json\/wp\/v2\/pages"}],"about":[{"href":"https:\/\/www.lfa.is\/korpukot\/wp-json\/wp\/v2\/types\/page"}],"author":[{"embeddable":true,"href":"https:\/\/www.lfa.is\/korpukot\/wp-json\/wp\/v2\/users\/3"}],"replies":[{"embeddable":true,"href":"https:\/\/www.lfa.is\/korpukot\/wp-json\/wp\/v2\/comments?post=340"}],"version-history":[{"count":10,"href":"https:\/\/www.lfa.is\/korpukot\/wp-json\/wp\/v2\/pages\/340\/revisions"}],"predecessor-version":[{"id":8256,"href":"https:\/\/www.lfa.is\/korpukot\/wp-json\/wp\/v2\/pages\/340\/revisions\/8256"}],"up":[{"embeddable":true,"href":"https:\/\/www.lfa.is\/korpukot\/wp-json\/wp\/v2\/pages\/8172"}],"wp:attachment":[{"href":"https:\/\/www.lfa.is\/korpukot\/wp-json\/wp\/v2\/media?parent=340"}],"curies":[{"name":"wp","href":"https:\/\/api.w.org\/{rel}","templated":true}]}}