{"id":7697,"date":"2022-10-31T10:03:21","date_gmt":"2022-10-31T10:03:21","guid":{"rendered":"https:\/\/www.korpukot.is\/?page_id=7697"},"modified":"2022-10-31T10:03:21","modified_gmt":"2022-10-31T10:03:21","slug":"tras","status":"publish","type":"page","link":"https:\/\/www.lfa.is\/korpukot\/tras\/","title":{"rendered":"TRAS"},"content":{"rendered":"\n<p>R\u00edk \u00e1hersla er l\u00f6g\u00f0 \u00e1 m\u00e1lstarf \u00e1 \u00f6llum deildum leiksk\u00f3lans og er unni\u00f0 a\u00f0 \u00fev\u00ed a\u00f0 d\u00fdpka or\u00f0afor\u00f0a og skilning barnanna \u00ed daglegu starfi me\u00f0 markvissum lei\u00f0um m\u00e1l\u00f6rvunar, b\u00f3kalestri, v\u00edsum, \u00feulum, s\u00f6ng og leik.<\/p>\n\n\n\n<p>TRAS (n: Tidlig registrering af spr\u00e5kudvikling), er skr\u00e1ningarlisti til notkunar fyrir leiksk\u00f3lakennara til a\u00f0 fylgjast me\u00f0 m\u00e1lt\u00f6ku tveggja til fimm \u00e1ra barna. Listinn er upprunalega kominn fr\u00e1 s\u00e9rfr\u00e6\u00f0ingum vi\u00f0 norskan h\u00e1sk\u00f3la og s\u00e9rkennslustofnanir og er notkun hans n\u00fa or\u00f0in \u00fatbreidd \u00e1 Nor\u00f0url\u00f6ndum. G\u00f3\u00f0ur m\u00e1l\u00feroski skiptir miklu m\u00e1li fyrir andlegan \u00feroska barna, f\u00e9lagslega l\u00ed\u00f0an og seinni lestrartileinkun. Me\u00f0 TRAS skr\u00e1ningunni er h\u00e6gt a\u00f0 skima eftir fr\u00e1vikum \u00ed m\u00e1l- og f\u00e9lags\u00feroska barnanna me\u00f0 fyrirbyggjandi \u00edhlutun \u00ed huga.<\/p>\n\n\n\n<p>\u00c1 eldri deildum leiksk\u00f3lans er unni\u00f0 me\u00f0 m\u00e1l\u00feroskann \u00ed v\u00ed\u00f0ari skilningi og er \u00fe\u00e1 f\u00e9lags\u00feroskinn efldur um lei\u00f0. Leiksk\u00f3linn vinnur me\u00f0 skr\u00e1ningarlistann TRAS og \u00fat fr\u00e1 honum hefur veri\u00f0 skipulagt m\u00e1lstarf \u00fear sem unni\u00f0 er me\u00f0 frambur\u00f0, or\u00f0afor\u00f0a, setningamyndun, athygli, einbeitingu, samleik, f\u00e9lagsf\u00e6rni, m\u00e1lskilning og m\u00e1lvitund. \u00d6ll b\u00f6rn fara \u00ed svokalla\u00f0ar TRAS \u2013 vinnustundir einu sinni \u00ed viku \u00fear sem \u00feau f\u00e1 \u00fej\u00e1lfun \u00ed \u00feessum \u00fe\u00e1ttum \u00ed gegnum leik og spil. Eftir a\u00f0 henni l\u00fdkur skr\u00e1ir starfsma\u00f0ur \u00feroskaframfarir allra barnanna. \u00deannig eru ger\u00f0a skr\u00e1ningar \u00e1 \u00f6llum b\u00f6rnum einu sinni \u00ed viku.<\/p>\n\n\n\n<p>Tras-stundir eru notalegar, skemmtilegar og fullar af fj\u00f6ri<\/p>\n\n\n<div class=\"wp-block-image is-style-rounded\">\n<figure class=\"aligncenter size-full\"><img loading=\"lazy\" decoding=\"async\" width=\"250\" height=\"144\" src=\"https:\/\/www.korpukot.is\/wp-content\/uploads\/2022\/10\/tra-i-haus.jpg\" alt=\"\" class=\"wp-image-7698\"\/><\/figure>\n<\/div>","protected":false},"excerpt":{"rendered":"<p>R\u00edk \u00e1hersla er l\u00f6g\u00f0 \u00e1 m\u00e1lstarf \u00e1 \u00f6llum deildum leiksk\u00f3lans og er unni\u00f0 a\u00f0 \u00fev\u00ed a\u00f0 d\u00fdpka or\u00f0afor\u00f0a og skilning barnanna \u00ed daglegu starfi me\u00f0 markvissum lei\u00f0um m\u00e1l\u00f6rvunar, b\u00f3kalestri, v\u00edsum, \u00feulum, s\u00f6ng og leik. TRAS (n: Tidlig registrering af spr\u00e5kudvikling), er skr\u00e1ningarlisti til notkunar fyrir leiksk\u00f3lakennara til a\u00f0 fylgjast me\u00f0 m\u00e1lt\u00f6ku tveggja til fimm \u00e1ra&hellip;<\/p>\n","protected":false},"author":3,"featured_media":0,"parent":0,"menu_order":0,"comment_status":"closed","ping_status":"closed","template":"","meta":{"footnotes":""},"class_list":["post-7697","page","type-page","status-publish","hentry"],"_links":{"self":[{"href":"https:\/\/www.lfa.is\/korpukot\/wp-json\/wp\/v2\/pages\/7697","targetHints":{"allow":["GET"]}}],"collection":[{"href":"https:\/\/www.lfa.is\/korpukot\/wp-json\/wp\/v2\/pages"}],"about":[{"href":"https:\/\/www.lfa.is\/korpukot\/wp-json\/wp\/v2\/types\/page"}],"author":[{"embeddable":true,"href":"https:\/\/www.lfa.is\/korpukot\/wp-json\/wp\/v2\/users\/3"}],"replies":[{"embeddable":true,"href":"https:\/\/www.lfa.is\/korpukot\/wp-json\/wp\/v2\/comments?post=7697"}],"version-history":[{"count":1,"href":"https:\/\/www.lfa.is\/korpukot\/wp-json\/wp\/v2\/pages\/7697\/revisions"}],"predecessor-version":[{"id":7699,"href":"https:\/\/www.lfa.is\/korpukot\/wp-json\/wp\/v2\/pages\/7697\/revisions\/7699"}],"wp:attachment":[{"href":"https:\/\/www.lfa.is\/korpukot\/wp-json\/wp\/v2\/media?parent=7697"}],"curies":[{"name":"wp","href":"https:\/\/api.w.org\/{rel}","templated":true}]}}