{"id":7700,"date":"2022-10-31T10:04:16","date_gmt":"2022-10-31T10:04:16","guid":{"rendered":"https:\/\/www.korpukot.is\/?page_id=7700"},"modified":"2022-10-31T10:04:16","modified_gmt":"2022-10-31T10:04:16","slug":"hopastarf","status":"publish","type":"page","link":"https:\/\/www.lfa.is\/korpukot\/hopastarf\/","title":{"rendered":"H\u00f3pastarf"},"content":{"rendered":"\n<p>\u00c1 \u00f6llum deildum leiksk\u00f3lans er b\u00f6rnum skipt upp \u00ed minni h\u00f3pa eftir aldri og getu og \u00e1 hver h\u00f3pur sinn h\u00f3pstj\u00f3ra, \u00feessi h\u00f3paskipting au\u00f0veldar okkur yfirs\u00fdn og eykur \u00f6ryggistilfinningu barnanna. Vi\u00f0 h\u00f6fum l\u00e6rt og erum sannf\u00e6r\u00f0 um a\u00f0 b\u00f6rn sem eru saman \u00ed h\u00f3p l\u00e6ra a\u00f0 \u00feekkja hvort anna\u00f0 og treysta hvort \u00f6\u00f0ru, \u00fea\u00f0 er grundv\u00f6llur fyrir g\u00f3\u00f0u samstarfi, traustri vin\u00e1ttu og aukinni \u00f6ryggistilfinningu<\/p>\n\n\n\n<p>&nbsp;\u00c1 eldri deildum leiksk\u00f3lans er unni\u00f0 me\u00f0 \u00fea\u00f0 sem kallast h\u00f3pastarf, \u00fe.e. \u00feemastarf \u00ed \u00feessum h\u00f3pum. \u00deemun eru m\u00f6rg og fj\u00f6lbreytt en \u00fear m\u00e1 me\u00f0al annars nefna&nbsp;<em>Leiksk\u00f3linn minn, Vin\u00e1tta og samskipti, Tilfinningar, L\u00edkaminn minn, Hreyfing og hreysti, H\u00fasd\u00fdrin<\/em>&nbsp;og fleira.<\/p>\n\n\n\n<p>\u00deegar unni\u00f0 er me\u00f0 \u00feema er mi\u00f0a\u00f0 a\u00f0 \u00fev\u00ed a\u00f0 v\u00edkka or\u00f0afor\u00f0a barnanna,\u00a0a\u00f0 \u00feau l\u00e6ri \u00fdmislegt tengt \u00feemanu, f\u00f6ndri hluti, r\u00e6\u00f0i um, lesi b\u00e6kur og syngi l\u00f6g. H\u00f3pastarfi\u00f0 \u00ed leiksk\u00f3lanum okkar sn\u00fdst um upplifun og a\u00f0 l\u00e6ra a\u00f0 reynslunni. \u00deess vegna fylgir ekki endiega f\u00f6ndur hverju \u00feema heldur einbeitum vi\u00f0 okkur a\u00f0 upplifunni \u00ed sta\u00f0inn fyrir afur\u00f0inni<\/p>\n\n\n<div class=\"wp-block-image is-style-rounded\">\n<figure class=\"aligncenter size-full is-resized\"><img loading=\"lazy\" decoding=\"async\" src=\"https:\/\/www.korpukot.is\/wp-content\/uploads\/2022\/10\/hopastarf.jpg\" alt=\"\" class=\"wp-image-7701\" width=\"309\" height=\"222\" srcset=\"https:\/\/www.lfa.is\/korpukot\/wp-content\/uploads\/2022\/10\/hopastarf.jpg 448w, https:\/\/www.lfa.is\/korpukot\/wp-content\/uploads\/2022\/10\/hopastarf-300x216.jpg 300w\" sizes=\"auto, (max-width: 309px) 100vw, 309px\" \/><\/figure>\n<\/div>","protected":false},"excerpt":{"rendered":"<p>\u00c1 \u00f6llum deildum leiksk\u00f3lans er b\u00f6rnum skipt upp \u00ed minni h\u00f3pa eftir aldri og getu og \u00e1 hver h\u00f3pur sinn h\u00f3pstj\u00f3ra, \u00feessi h\u00f3paskipting au\u00f0veldar okkur yfirs\u00fdn og eykur \u00f6ryggistilfinningu barnanna. Vi\u00f0 h\u00f6fum l\u00e6rt og erum sannf\u00e6r\u00f0 um a\u00f0 b\u00f6rn sem eru saman \u00ed h\u00f3p l\u00e6ra a\u00f0 \u00feekkja hvort anna\u00f0 og treysta hvort \u00f6\u00f0ru, \u00fea\u00f0 er&hellip;<\/p>\n","protected":false},"author":3,"featured_media":0,"parent":0,"menu_order":0,"comment_status":"closed","ping_status":"closed","template":"","meta":{"footnotes":""},"class_list":["post-7700","page","type-page","status-publish","hentry"],"_links":{"self":[{"href":"https:\/\/www.lfa.is\/korpukot\/wp-json\/wp\/v2\/pages\/7700","targetHints":{"allow":["GET"]}}],"collection":[{"href":"https:\/\/www.lfa.is\/korpukot\/wp-json\/wp\/v2\/pages"}],"about":[{"href":"https:\/\/www.lfa.is\/korpukot\/wp-json\/wp\/v2\/types\/page"}],"author":[{"embeddable":true,"href":"https:\/\/www.lfa.is\/korpukot\/wp-json\/wp\/v2\/users\/3"}],"replies":[{"embeddable":true,"href":"https:\/\/www.lfa.is\/korpukot\/wp-json\/wp\/v2\/comments?post=7700"}],"version-history":[{"count":1,"href":"https:\/\/www.lfa.is\/korpukot\/wp-json\/wp\/v2\/pages\/7700\/revisions"}],"predecessor-version":[{"id":7702,"href":"https:\/\/www.lfa.is\/korpukot\/wp-json\/wp\/v2\/pages\/7700\/revisions\/7702"}],"wp:attachment":[{"href":"https:\/\/www.lfa.is\/korpukot\/wp-json\/wp\/v2\/media?parent=7700"}],"curies":[{"name":"wp","href":"https:\/\/api.w.org\/{rel}","templated":true}]}}